What is the tens digit of j(o)?
3
Let b(z) = 3*z + 6. Suppose 5 - 3 = -k. Let p be b(k). Suppose -4*u = 2*v - 5*v + 41, 4*v + u - 42 = p. What is the units digit of v?
1
Let f(j) = 283*j + 486. What is the hundreds digit of f(11)?
5
Let v = 183 - 27. Suppose v = 61*g - 57*g. What is the tens digit of g?
3
Let o(g) = 2*g**2 + 9*g + 1. Let h be o(-6). Let f = h + -45. Let j = -14 - f. What is the units digit of j?
2
Let q(d) = d**3 - 18*d**2 + 24*d - 15. Let r be q(17). Let y = r - 70. What is the tens digit of y?
3
Suppose 5318 = -14*m + 19*m + 3*u, 5319 = 5*m + 4*u. What is the thousands digit of m?
1
Suppose 0 = 14*p - 12*p. Suppose -q + 1 + 3 = p. Suppose -291 - 26 = -5*g + q*h, 0 = 4*g + h - 262. What is the tens digit of g?
6
Let a(i) = i + 19. Let w = 9 + -23. Let z be a(w). Let u(q) = -q**2 + 5*q + 2. What is the units digit of u(z)?
2
Let a(w) = -6*w**3 - 8*w**2 + 4. Suppose -3*y - 1 = 20. Let l(g) = 5*g**3 + 8*g**2 + g - 4. Let x(n) = y*l(n) - 6*a(n). What is the units digit of x(9)?
2
Let c(b) = 9*b**3 - 11*b**2 + 18*b - 6. What is the units digit of c(6)?
0
Let o(a) = -168*a + 440. What is the thousands digit of o(-13)?
2
Let y(f) = -f**3 - 4*f**2 + 10*f + 15. Let r be y(-5). Let d = 22 + r. What is the units digit of d?
2
Let w be ((-12)/3)/(-2)*1. Suppose 0*p - 2*o - 9 = -5*p, -5*o + 9 = -w*p. Suppose -3*x - 7 - 10 = -5*b, -x - 11 = -p*b. What is the units digit of x?
1
What is the tens digit of (-4*(-9)/24)/(69/20194)?
3
Let d(m) be the second derivative of m**4/12 - 5*m**3/6 - 21*m**2/2 - 10*m. What is the tens digit of d(-8)?
8
Suppose 3*h = -w + 5 + 5, -2*h = 3*w - 2. Let q = h - 0. Suppose -q*a - a + 210 = 0. What is the tens digit of a?
4
Suppose -3*h - 217 = 5*p, h + 4*p - 172 = 4*h. What is the tens digit of (h/6*-1)/(28/336)?
2
Suppose -5*w = g - 54, -5*w - 5*g + 32 + 38 = 0. Let u = 12 - w. Suppose 0*q - 2*v = -u*q + 24, v - 16 = -3*q. What is the units digit of q?
7
Let s be (-16)/(-12)*(-63)/6. Let i = s + 6. What is the units digit of i/(9/(-7) - -1)?
8
Let r(t) = 5*t**2 + 2*t + 1. Let x be r(-1). Suppose x*g = w + 226, w = -5*g + 3*w + 284. What is the tens digit of g?
5
Suppose -11*v = -10*v + 2*z - 2736, 13719 = 5*v - 3*z. What is the hundreds digit of v?
7
Let q = -2577 - -4368. What is the thousands digit of q?
1
Let h(y) = 3*y**3 - 7*y**2 + 6*y - 5. Let t be h(4). Let x be 12/4*-1 - -167. Let z = x - t. What is the tens digit of z?
6
Let v(z) = z**3 + 24*z**2 - 59*z - 16. What is the hundreds digit of v(-25)?
8
Let u(y) = y + 7. Let s be u(0). Let c(k) = -5*k**2 - 9*k + 11. Let i(j) = -6*j**2 - 10*j + 12. Let o(f) = s*c(f) - 6*i(f). What is the units digit of o(6)?
3
Let h(o) be the second derivative of -o**5/20 + 15*o**2/2 + 2*o. Let s be h(0). Suppose -3*v = -s - 78. What is the units digit of v?
1
Let x(d) = d**3 - 2*d**2 + 2*d - 484. Let c be x(0). Let a = -310 - c. What is the tens digit of a?
7
Let o(g) = -14*g + 13. Let c be o(-3). Let h = c - 38. What is the units digit of h?
7
Let n(s) = -s**2 + 15*s + 16. Let f be n(14). Suppose -5*o + 105 = f. Let w = -12 + o. What is the units digit of w?
3
Let y = 205 - 159. What is the units digit of y?
6
Let k = 52 + -42. Suppose k*w + 202 - 542 = 0. What is the tens digit of w?
3
Let z(o) = 12*o**2 + 24*o - 169. What is the hundreds digit of z(12)?
8
Let c = 2055 - 513. What is the tens digit of c?
4
Let d be -6 + 8 + -56 + 2. Let g = 64 + d. What is the units digit of g?
2
Let d(n) = 8*n - 20. Let j be d(3). Suppose a - 1 - j = -5*s, 5*s = 4*a + 30. What is the units digit of s?
2
Suppose -2*z - 10*w + 5*w = -2060, -2*z - 2*w = -2066. What is the units digit of z?
5
Let p(y) = -3*y + 17. Let t be p(9). Let r(b) = b**2 + 8*b - 11. What is the units digit of r(t)?
9
Suppose -2*g - 3 = -g - 4*p, -5*g + 5*p = 0. Let c(f) = 10*f**3 - 2*f**2 + 1. Let m be c(g). Suppose -4*i = -3*i - m. What is the units digit of i?
9
Suppose 0 = 15*m - 270 - 2175. What is the hundreds digit of m?
1
Let z = 1017 - 557. Suppose s - z = 2*s. What is the tens digit of s/(-14) + (-2)/(-14)?
3
What is the hundreds digit of 885*((-8)/28)/((-6)/7)?
2
Let j be 15 - (1 + -2 + 4). Let a(p) = -j*p**2 - 8*p**2 - p**3 + 8 + 8*p + 26*p**2. What is the units digit of a(7)?
5
Suppose 15 = -4*p + 51. Suppose -4*l - 244 = 2*o, -3*l - 102 = -3*o + 90. What is the units digit of (-6)/p + l/(-3)?
0
What is the units digit of (-14532)/(-8) + 6/4?
8
Let c(m) = -38*m**3 + 2*m**2 - 2*m + 1. Let b be c(1). Let p = 112 - 57. Let y = b + p. What is the units digit of y?
8
Suppose -7*q + 4 = -6*q. Suppose 0 = -4*s - 2*a + 624, 4*s - q*a = 2*s + 332. What is the units digit of s?
8
Let p(n) = 2 + 13*n**2 + 4*n - 6*n - 3*n**2 - 3*n. What is the tens digit of p(2)?
3
Let g = 3105 + -2138. Let z = g + -645. What is the hundreds digit of z?
3
Let g = 94 - 97. What is the units digit of (15 + (g - -1))/((-2)/(-8))?
2
Let w(s) = -s**2 - 5*s + 7. Let m be w(-6). Suppose 3*j - m = 2. What is the units digit of 1/(-3)*(-62 - j)?
1
Suppose 0 = 15*s + 4532 - 15317. What is the hundreds digit of s?
7
Let f(n) = 2*n**3 - 12*n**2 + 40*n - 237. What is the hundreds digit of f(8)?
3
Suppose -u - 5*g - 4 = -894, -2*u + 1715 = -3*g. What is the units digit of u?
5
Suppose 4*l - 4 = -3*i, 0*l + 2*i + 2 = 2*l. What is the tens digit of 24/l + 0*(3 - 2)?
2
Let c(d) = d**2 + 5*d - 18. Let n be c(4). Let a(o) = -2*o + 9. Let l be a(7). Let u = l + n. What is the tens digit of u?
1
Let y = 136 - 132. Suppose y*k - 1140 = -6*k. What is the tens digit of k?
1
Suppose -7*n = -3*n + 2*g - 4, -2*n - 2 = 2*g. Suppose -5*r + n*o - 152 = 0, 4*r - 2*o + 91 = r. What is the tens digit of 9/3 - (0 + r)?
3
Suppose -k + 6*k = -4*g - 5, -5*g = -k + 28. Suppose 0 = k*h + 2*h - 85. What is the tens digit of h + 1 + (-15 - -14)?
1
Suppose 13*v - 376 = 9374. What is the hundreds digit of v?
7
Let h = 5 + -6. Let b be (2613/(-26))/(h/2). Suppose -4*j = 61 - b. What is the tens digit of j?
3
Let y(q) = 13*q**3 - 3*q**2 + 5*q - 4. Let c be 168/70 - (-2)/(-5). Let v be y(c). Suppose -w = -4*o + v, -5*o = -w + 6*w - 110. What is the tens digit of o?
2
Let i = -6768 + 10628. What is the units digit of i?
0
Let a be ((-2)/1 - -1)*7. Let p = 46 + a. What is the units digit of p?
9
Suppose 3*v = 4*s - 8*s + 35, -2*s = -10. Suppose -4*t = 2*x - 44, v*x + 3 = 23. What is the units digit of t?
9
Suppose -2*f - 74 + 212 = 0. Suppose 7*r - 70 = 182. Let c = f - r. What is the units digit of c?
3
Suppose -24*k + 22*k = 236. Let d = 291 + k. What is the units digit of d?
3
Let s(d) = d**2 - 17*d + 473. What is the units digit of s(42)?
3
Let o(v) = -v**3 + 7*v**2 - 4*v - 6. Let c = 8 - 2. Let b be o(c). Suppose -3*a - 51 = -b*a. What is the tens digit of a?
1
Suppose -4*z = -2*z - 4. Suppose u - z + 8 = 0. What is the units digit of (40 + u)*2/4?
7
What is the tens digit of (1 + -30)*(5 - 66)?
6
Suppose -5*c + 2153 = h, -5*h + 6 = -8*h. What is the units digit of c?
1
Let d = 29 - 65. Let f = d + 137. What is the units digit of f?
1
Suppose -2*p - 195 = 9. Let w(k) = -15*k + 418. Let a be w(38). Let o = p - a. What is the tens digit of o?
5
Let m(y) = 31*y**2 + 1. Let b be -1*4/(-4)*1. Let j be m(b). Suppose 3*c - 42 - 4 = 5*g, -2*c = -4*g - j. What is the tens digit of c?
1
Suppose -4*s - 16 = -4*l, 3*l + 4*s + 11 = 2. What is the tens digit of 3/(-15) + (l - 471/(-5))?
9
Let h(z) = -6*z**3 - z**2 + 5*z - 12. What is the hundreds digit of h(-6)?
2
Let k(u) = -6 + 2 + 0*u + 0 + 2*u. Let c be k(3). What is the tens digit of (c + 0)*(-325)/(-26)?
2
Let a(h) = -14*h - 13. Let n(x) = x**3 + 17*x**2 + 16*x - 8. Let z be n(-16). What is the units digit of a(z)?
9
Suppose -4*o - 3 + 15 = 0. Let s(i) = -12*i - 3 + i**2 + o + 2. What is the units digit of s(12)?
2
Suppose -3*b - 4*q - 5 = 39, 0 = -3*b + 5*q - 53. Let t = 73 + -75. What is the units digit of (4/t)/(b/232)?
9
Let y(w) = 516*w + 643. What is the units digit of y(6)?
9
Let y(a) = 4 - 8 - 2*a - 4 + 5*a**2. Let n(w) = w**2. Let l(m) = -n(m) + y(m). What is the units digit of l(-4)?
4
Let y(k) = 517*k - 100. What is the units digit of y(4)?
8
Let d be (14 - 16)*(2 - 1). What is the tens digit of 4 + (-1 - 17*d)?
3
Suppose -2*x + 5*t = 2*x - 1088, -1128 = -4*x - 5*t. Let s = -4 + x. What is the units digit of s?
3
Sup